e -5*g + 12 = -4*m + 3, -5*g - w*m + 41 = 0. What is the units digit of g?
5
Let s(o) = 5*o**3 + 2*o**2 + 10*o + 14. Let g(l) = -4*l**3 - l**2 - 10*l - 14. Let z(x) = -6*g(x) - 5*s(x). What is the tens digit of z(-6)?
2
Let v(f) = -f**2 + 9*f - 10. Let r be v(7). Suppose -7 = -p - n + 3, r*p = -2*n + 46. What is the tens digit of p?
1
Let d(i) = i**3 + 3*i**2 - i + 3. Let u(o) = 4*o + 1. Let g be u(-1). Let l be d(g). Suppose 0 = 5*m - 61 + l. What is the units digit of m?
1
Let x(m) = m + 1. Let a be x(2). Suppose -5*j - a*f = -2*j - 3, -2*j = -2*f - 14. What is the units digit of j?
4
Let m(a) = a**3 - 2*a**2 + 3*a - 2. Let i be m(2). Let u(j) = -23*j - 11. Let b(z) = -4*z - 2. Let v(l) = 34*b(l) - 6*u(l). What is the units digit of v(i)?
6
Suppose 12 = -4*b, -13 - 5 = 3*z - 3*b. What is the tens digit of (1 + -2)*378/z?
4
Let x(p) = p**3 - 15*p**2 + 30*p + 6. What is the tens digit of x(13)?
5
Let n = 5 + 24. What is the tens digit of n?
2
Let u = 52 + -27. Suppose 2*l = -4, 3*r + 0*l = -4*l + u. What is the tens digit of r?
1
Let z be ((-6)/(-4))/((-33)/(-44)). Suppose -i = -3*r + r + 19, -4*r - z*i + 42 = 0. What is the units digit of r?
0
Let n = 109 - 91. What is the units digit of n?
8
Suppose 2*l = -3*l + 15. Suppose 0 = -2*s + s - l. What is the units digit of 3/2 - s/6?
2
Let k = 113 - -2. What is the units digit of k?
5
Let q = -4 + 6. What is the units digit of 1/(4/q)*12?
6
Suppose -5*g - 2*v = -150, -5*v - 49 = -3*g + 10. Let l = g + -2. What is the units digit of l?
6
Suppose 0 + 1 = -u. What is the units digit of (-2 + 5)*u - -5?
2
Let q(j) be the first derivative of j**2 + 2. What is the units digit of q(6)?
2
Suppose 2*t + 2*t - 36 = 0. Let j(c) = -c**3 + 8*c**2 + 9*c + 4. Let i be j(t). Suppose -6 = -i*r + 42. What is the units digit of r?
2
Let b = 9 - 4. Suppose 3*r = b*r - 14. What is the units digit of r?
7
Let n(w) = -w**3 - 25*w**2 + 43*w - 24. What is the hundreds digit of n(-27)?
2
Suppose -4*t = -2*h + 2, -2*h + t + 2 = 4*t. Let u(r) = 7*r. Let a be u(h). Let q = 12 - a. What is the units digit of q?
5
What is the tens digit of 10*10/4*2?
5
Suppose 5*f + o = 4*o + 25, -o = -3*f + 15. What is the units digit of f?
5
Let t(g) = 76*g - 17. What is the tens digit of t(2)?
3
Let a be (36/15)/((-9)/(-240)). Let j = a - 42. What is the units digit of j?
2
Let s(o) = -5*o + 1. Let k be s(-4). Suppose 3*v + 6 = k. Suppose z = -2*i - 7, -i + 2*i = -v. What is the units digit of z?
3
Suppose -2*u + u = -3. Suppose -70 = -u*d - l, -35 = -3*d - 4*l + 38. What is the tens digit of d?
2
Suppose 2*j - 6*j = -64. Suppose -j = -5*y + y, 0 = k - 3*y + 2. What is the units digit of k?
0
Let l = -17 + 24. Suppose 4*n = -4*z + 20, 3*z + l = 4*z - n. Suppose 0*v = -v + z. What is the units digit of v?
6
Let p(y) = y**2 + 6*y. What is the tens digit of p(6)?
7
Let c(u) = -u - 4. Let s be c(-4). Suppose -z - 2*z = s. Suppose z*x + 5*x = 20. What is the units digit of x?
4
Suppose 4*n + 50 + 10 = 0. Let u be (6/n)/((-2)/40). Let d(k) = 3*k - 6. What is the tens digit of d(u)?
1
Let r = 30 - 0. Suppose 0*i - r = -i. What is the tens digit of i?
3
Let o = -98 + 435. What is the hundreds digit of o?
3
Let v(m) = -2*m - 2. Let r be 24/(-15) - (-2)/(-5). Let j be v(r). Suppose -34 = -4*i + j. What is the units digit of i?
9
Let w = -118 - -462. What is the tens digit of w?
4
Let p(i) = 10*i**2 - 6*i - 13. What is the tens digit of p(-3)?
9
Let j = 818 - 493. What is the tens digit of j?
2
Let d = -170 + 259. What is the tens digit of d?
8
Let j = -12 - -30. What is the units digit of (j/2 - 1)/2?
4
Let l(g) = 2*g**2 + 4*g - 1. What is the units digit of l(-4)?
5
Suppose -b = -3*o - 246, 5*o + 995 = 4*b + 4*o. What is the tens digit of b?
4
Let c(y) = -y**2 + 6*y - 3. Let d be c(7). What is the units digit of 24/(-15)*d/2?
8
Let c(w) = w + 24. Let a be c(-15). Let r(h) = h**2 - 8*h + 11. What is the tens digit of r(a)?
2
Let l(k) = 2*k - 1. Let r be l(2). What is the units digit of r*(0 - (-16)/6)?
8
Let b(m) = -2*m - 3. Let p(i) = i**2 - 5*i. Suppose 0 = -3*f + 8*f + v - 20, -4*f + 16 = 5*v. Let h be p(f). What is the units digit of b(h)?
5
Let d = -14 + 49. What is the tens digit of d?
3
Suppose -3*s = 2*x - 12 - 6, 3*x - 27 = s. Let c = -6 + x. Suppose 0 = -u + 3*t - 5, -u = -5*t + c*t + 2. What is the units digit of u?
4
Let c(q) = -1 + 2 + 4*q - 2. Let j be c(1). Suppose 0 = j*w - 9 - 15. What is the units digit of w?
8
Suppose -5*q + 2*h = 6*h - 7, 4*q + 4*h - 4 = 0. Suppose q*v + 45 = -t + 8*v, -4*v = t + 18. What is the units digit of t/(-4)*(-4)/(-6)?
5
Let l(z) = -20*z - 13. Let o be l(-8). Suppose -5*r = -3*u + 159, -3*u - 3*r = -36 - o. What is the tens digit of u?
5
Suppose 5*z + w - 72 = 0, -2*w + w + 2 = 0. Suppose 2*x = f + z, 2*x + 6*f - 4*f - 14 = 0. Let i = x - 2. What is the units digit of i?
5
What is the units digit of 0/3 + -2 + 11?
9
Suppose -4*q + 3*d = -23 - 13, 3*q - 3*d - 30 = 0. Let g(a) = 2*a + 5. Let k be g(q). Suppose 34 + k = 3*w. What is the units digit of w?
7
Suppose -6 = k - 2*k + 4*z, 3*k = -4*z + 2. What is the units digit of ((-42)/(-2 - 1))/k?
7
Let v(m) be the third derivative of -m**6/120 - m**5/15 - m**4/8 + 5*m**3/6 + m**2. What is the units digit of v(-4)?
7
Suppose -3*p + 25 = -53. What is the units digit of p?
6
Suppose 0 = -3*z + 143 + 19. What is the tens digit of z?
5
Let p(n) = -n**2 - 8*n + 11. Let o be p(-9). Suppose o*r - 18 = r + 3*m, 5*r - 5*m - 60 = 0. What is the units digit of r?
9
Suppose -107 = -3*r - 5. What is the units digit of r?
4
Let h(y) = 12*y - 19. What is the tens digit of h(8)?
7
Suppose -4*h = -20, g + 3 = -0*g - 3*h. Suppose 34 = 2*f - 34. Let o = f + g. What is the tens digit of o?
1
Suppose 4*s - 5*s = -120. Suppose 3*z - 3*j = s, -5*z - 22 + 194 = 2*j. What is the units digit of z?
6
Let x(d) = -d + 16. Let b(o) = 2*o**3 - 2*o**2 + o + 2. Let i be b(2). What is the units digit of x(i)?
4
Suppose 2*n + 20 = 6*n. Suppose 0 = 6*v - n*v - 11. What is the tens digit of v?
1
Suppose 6*n = 2*n - 4. Let y be n*-1*(2 - -1). Let h(z) = 2*z - 3. What is the units digit of h(y)?
3
Suppose 0*g - 4*g + 168 = 0. What is the tens digit of g?
4
Suppose 2*d - r - 21 = 3, 0 = -3*d - 4*r + 14. Suppose -v + d = v. What is the units digit of v?
5
Let o = -2 + 5. Let r(m) = m**3 - 3*m**2 + 4. Let w be r(o). Suppose -3*i = q - 17, 0 = -w*i + 5*q - 7 + 17. What is the units digit of i?
5
Let w = 2 + 2. What is the units digit of (6/w)/((-9)/(-144))?
4
Suppose 0 = 4*g - 0*g. Suppose g = 2*d - 0*d - 4. What is the units digit of d?
2
Let l be 4/2 + (-5 - -2). Let b be (l - -1)/(-2 + 0). Suppose -4*m = -b*m - 4. What is the units digit of m?
1
Suppose 3*z - 15 = 0, 0 = d + 2*d - 3*z. Let k(p) = -p**3 + 6*p**2 - 6*p + 7. What is the units digit of k(d)?
2
Let r = -3 - -5. Suppose -4 = 2*d - 0, 0 = -2*x + 4*d + 16. Suppose -6 = -r*p - x*t, 2*p - 9 = -p + 2*t. What is the units digit of p?
3
Let j(f) = 4*f - 1. Let w be j(1). Let u(o) = o**3 - o**2 - o + 2. Let q be u(0). Let c = q + w. What is the units digit of c?
5
Let d be (-4)/(-10) - 18/(-5). Suppose -j - 2 = y - 2*y, -4*j + 3*y = d. Let v(f) = 12*f - 3. What is the tens digit of v(j)?
2
Suppose 3*w + 3*g - 23 - 28 = 0, w - 4*g - 2 = 0. Let n = 13 + w. Suppose -2*p + n = 11. What is the units digit of p?
8
Let v = -8 - -11. Let b(r) = -13*r**3 + 6*r**3 - v - 2*r + 6*r**3 - 3*r**2. What is the units digit of b(-3)?
3
Let u(k) be the third derivative of 3*k**4/8 - k**3/6 + 6*k**2. What is the units digit of u(1)?
8
Let t = 140 + 34. What is the hundreds digit of t?
1
Suppose 0*r = -3*o + 5*r + 227, 0 = 2*r + 8. What is the tens digit of o?
6
Suppose -6*h + 258 = -12. Let c = h + -5. What is the tens digit of c?
4
Let p = 0 + 3. Suppose 28 = p*l - 47. What is the units digit of l?
5
Let g be 8/6 + 8/12. Let b = 7 + -4. Let i = b + g. What is the units digit of i?
5
Suppose 4*u = 8 - 0. Suppose -2 = -u*i + 12. What is the units digit of i?
7
Let f(b) be the second derivative of -5*b**3/6 - b**2/2 - 2*b. Let d be f(-5). Suppose -5*u + d = -u. What is the units digit of u?
6
Let j = -1 - 0. Suppose 0*z - 2 = z. Let b = j - z. What is the units digit of b?
1
What is the units digit of 2*2 - (-264)/8?
7
Suppose 5*t = p - 7, 5*p + 0 - 9 = -t. What 